 q and 182.
14
Let s(b) = 23*b**2 - 1. Let x be s(-1). Let t be (14/(-3))/(-7)*3. Suppose -c = 5*l + 8 - 283, -t*c = 0. What is the greatest common factor of x and l?
11
Suppose -328*f = -332*f - a + 3822, 5*f - 4791 = a. What is the greatest common factor of 667 and f?
29
Suppose 203*y + 66464 = -160*y + 395*y. Calculate the highest common factor of y and 335.
67
Let x be 2/(-3) + 16/6. Suppose 4*r + 5*c = 4, -3*c - 230 + 228 = -2*r. Suppose x = o - r. Calculate the greatest common divisor of 39 and o.
3
Let q = -17 + 22. Suppose 0*w - 5*u + 670 = q*w, 5*u = -3*w + 398. Let t(v) = 4*v**2 - 81*v + 37. Let y be t(20). What is the highest common divisor of w and y?
17
Let f(p) = 2*p**2 + 5*p + 5. Let k be f(-5). Suppose -2*a + a = -k. Let b = 1898 - 1886. What is the greatest common divisor of b and a?
6
Let u be 380/(-15) + -6 + 1/3. Let y be -5 - (-1 - 3) - u. Let k(o) = o**2 - o + 4. Let m be k(3). What is the highest common factor of m and y?
10
Suppose -9*m = 2865 + 2274. Let g = m - -615. Let l be (3 + -2)*(-8)/(-2). Calculate the highest common factor of l and g.
4
Suppose -8*x + 770 - 154 = 0. What is the highest common factor of 14 and x?
7
Let x(q) = 86*q + 1358. Let i be x(75). Calculate the highest common factor of 128 and i.
128
Let x = -5571 - -5640. Calculate the greatest common divisor of 147 and x.
3
Let f = 23 + -64. Let h = f + 36. Let l be (-11 - -1)*2/h. Calculate the highest common factor of 36 and l.
4
Let w be (-3)/2*(32/(-6) + 4). Suppose 5*g + w*u - 120 = 0, -2*g + 5*u + 19 = -0*g. Let l = 19 + 3. Calculate the highest common factor of g and l.
22
Let n = -2056 - -2216. What is the greatest common divisor of 64 and n?
32
Let i = -342 - 101. Let d = 444 + i. Suppose 22 = 3*q - 26. What is the highest common divisor of q and d?
1
Let u(v) = 82*v - 15. Let m be u(3). Suppose 5*q - 5*w - 1525 = 0, 0 = 5*q + 2*w - 232 - 1314. Calculate the greatest common divisor of m and q.
77
Let r(v) = -v**3 - 36*v**2 - 70*v - 64. Let w be r(-34). Let z be w*((-2)/10 - 7/(-10)). What is the highest common divisor of z and 14?
2
Suppose 11*k - 12*k - 4*t + 34 = 0, -2*k - t + 40 = 0. Suppose 2*z - 48 = 5*a + 15, -30 = -z + 3*a. Calculate the greatest common factor of z and k.
3
Suppose 3*r + 5*p = 6*p + 188, -2*p = r - 72. Suppose 15 = -5*m, 5*m = -b - 3*b + 21. Suppose -400 = -b*t + 4*t. What is the greatest common factor of r and t?
16
Let j be (1 + (-6)/(-8))*2*7963008/9968. What is the highest common divisor of j and 72?
12
Let d be (865/519)/(10/36). Calculate the greatest common divisor of 246 and d.
6
Let y(k) = 2*k**3 - 45*k + 10. Let m be y(0). Let l be 160 + (1 - 0) + -1. Calculate the greatest common factor of m and l.
10
Suppose -76 = 328*w - 331*w - 2*g, -2*g = 5*w - 132. What is the highest common divisor of w and 2836?
4
Suppose 0 = -218*o - 6023 + 724551. Calculate the highest common factor of 618 and o.
206
Let i be 10*(-5)/(-30)*21. Let u = i + -34. Let d be u/4 - 93/(-12). Calculate the greatest common divisor of d and 16.
8
Suppose 0*z - 483 = 7*z. Let n = 84 + z. Let m be (2 - -1)/((n/(-40))/(-1)). What is the highest common divisor of m and 8?
8
Let t = 279 - 161. Suppose 111*d = t*d - 2205. Calculate the greatest common divisor of 189 and d.
63
Suppose -2*p = 5*i - 39 - 55, -4*i - 4*p + 80 = 0. Suppose -4*f + 124 = -4*b, 6*b = -3*f + b + 61. Calculate the highest common factor of i and f.
9
Suppose -2503 = -72*f - 847. Calculate the highest common factor of 4393 and f.
23
Let a = 6918 + -2602. Calculate the greatest common factor of a and 52.
52
Suppose 2*t - 3*v = -7*v + 20, 5*t - v = 39. Suppose 0 = t*w - 1242 - 126. What is the highest common factor of w and 57?
57
Let w = 124 - 97. Let u(p) = -p**2 + 14*p - 12. Let h be u(13). Let t be 3 + h/((-2)/(-12)). Calculate the greatest common divisor of t and w.
9
Let y = -16444 + 18236. What is the greatest common factor of 1904 and y?
112
Suppose 4*p - 611 = 3189. What is the greatest common factor of 3040 and p?
190
Suppose -20*g - 30879 = -74*g + 3141. Calculate the greatest common factor of 180 and g.
90
Let h(x) = 3*x**2 + 96*x - 2. Let b be h(-36). Calculate the greatest common factor of b and 774.
86
Let x be (-1488)/(-64)*2320/87. What is the highest common divisor of x and 11005?
155
Suppose -3*j = -j - 132. Let v(n) = -n + 110. Let o be v(66). Let m(x) = -17*x + 754. Let l be m(o). Calculate the greatest common divisor of l and j.
6
Let a be ((-96)/60)/(0 + (-12)/210). What is the highest common factor of 248 and a?
4
Let t(b) = -9*b + 1. Let o be t(-1). Suppose 5*z - 31 = -a, 12 = 7*z - 23. Calculate the highest common factor of o and a.
2
Suppose -4*v - 4*f + 0*f - 20 = 0, 5*f + 16 = 4*v. Let m be (-117)/(-13) + (0 - v). Let b be 1/(-2) - (-141)/2. What is the greatest common divisor of b and m?
10
Let j(z) = 41*z + 1707. Let o be j(-40). Calculate the greatest common divisor of o and 4288.
67
Let j be (456/(-16))/(-19) - (-5)/2. Suppose j*h = -2*k + 78, -2*h - 37 = -4*k + 119. What is the greatest common factor of k and 117?
39
Suppose -d + 4 = -19. Suppose 0 = 2*q + 891 - 1397. Suppose 4*b = 5*b - q. What is the greatest common factor of b and d?
23
Suppose -2*x - 342 + 2558 + 1424 = 0. Calculate the greatest common factor of x and 7.
7
Let b be (31 - 0) + (-12)/6. Let x = 32 - b. Calculate the greatest common divisor of 69 and x.
3
Let l be (-4)/38 - 775872/(-2052). What is the greatest common divisor of 2394 and l?
126
Suppose 15*w = 18*w - 12. Suppose 2*m + 2*b - 310 = 50, 336 = 2*m - w*b. What is the greatest common divisor of 16 and m?
16
Let c(j) = -2*j + 5. Let y be c(-2). Let k(n) = -13*n**2 - 4. Let v be k(-3). Let l = v - -202. What is the greatest common divisor of y and l?
9
Suppose 48*c - 56*c = -240. Let g be (c + -1)*(3 - 2). Let v = g - 16. Calculate the greatest common divisor of 1 and v.
1
Suppose 360 = 7*a - 19*a. Let k be -4 - ((-4 + a - -1) + -3). Let d be (7 - -1)*(4 - -16). What is the highest common divisor of d and k?
32
Suppose 4*d + 5*c - 28 = 0, 4*d = -d - 5*c + 30. Suppose d = 2*x - 6, l + 3*x + 28 = 0. Let q = l - -61. What is the greatest common factor of 7 and q?
7
Suppose 95*f - 56*f + 2886 = 0. Let y(d) = 3*d**2 + 5*d - 2. Let r be y(5). Let o = r + f. What is the greatest common divisor of o and 36?
12
Suppose b + b - 230 = -4*r, 3*r + 3*b - 165 = 0. What is the highest common factor of r and 570?
30
Suppose 25 - 29 = -2*b + o, 4*b - 8 = -4*o. Suppose -4*d + 54 = b*j, 2*d - d = -j + 15. Calculate the highest common factor of d and 36.
12
Suppose -9 = -3*l + 51. Let j = 34 - l. Suppose 123 = f + d, -18*f - 4*d = -17*f - 114. Calculate the greatest common factor of f and j.
14
Suppose -4*r = 5*z - 1117, -34*z - 1107 = -4*r - 37*z. What is the highest common divisor of 9737 and r?
91
Let v = 136934 - 136886. Suppose 2*y + y = 720. Calculate the greatest common divisor of y and v.
48
Suppose 1006 = h - q, 3*h + q = 2049 + 993. What is the highest common divisor of 110 and h?
22
Suppose 0 = -4*s + 16*s + 168. Let x(o) = o**3 + 14*o**2 - 11*o - 129. Let b be x(s). What is the highest common factor of b and 75?
25
Let x be (-38)/(-95)*-3*(-10)/6. Let t be 1*(-1 + 37 - x). What is the greatest common divisor of t and 646?
34
Let g be -8*40/(-1 - 3). Suppose -s = -c - 5, -2*s + 10 = -10*c + 11*c. What is the greatest common factor of g and s?
5
Suppose -5*z = -5*o + 255, -116 = -5*o + 4*z + 136. What is the greatest common factor of 1128 and o?
24
Suppose 2*x = 2*o + x - 11, 5*o + 3*x = 11. Suppose -2*y - 242 = -2*m, -m + 17 = 2*y - 89. What is the greatest common factor of m and o?
4
Let w(m) = -2*m**2 - 10*m + 8. Let p be w(-6). Let t be -1*(7/p)/(9/36). Calculate the highest common divisor of t and 413.
7
Suppose -5*t = 5*a - 13060, 277*t + 13130 = 282*t - 5*a. What is the greatest common divisor of t and 97?
97
Suppose 11*g - 13*g + 543 = -7*u, 240 = g + u. Let m = -14 - -27. Calculate the greatest common divisor of g and m.
13
Let z(y) = 35 + 29 + 9*y + 5*y**3 - 6*y**2 - 80. Let t be z(5). What is the greatest common factor of t and 56?
56
Suppose -2*c = 2*c - 8. Suppose -4*f + 16 = h, 3*h - 26 = -2*f - c*h. Let n = -167408 + 167414. Calculate the greatest common factor of f and n.
3
Suppose 0 = -14*i + 16*i - 50. Suppose